{"id":27,"date":"2021-07-05T22:32:29","date_gmt":"2021-07-05T20:32:29","guid":{"rendered":"http:\/\/test.foerderverein-kita-olpe.de\/?page_id=27"},"modified":"2024-02-22T20:44:41","modified_gmt":"2024-02-22T19:44:41","slug":"ueber-uns","status":"publish","type":"page","link":"https:\/\/foerderverein-kita-olpe.de\/index.php\/ueber-uns\/","title":{"rendered":"\u00dcber uns"},"content":{"rendered":"\n<p>Seit \u00fcber 50 Jahren leistet die Caritas Kindertagesst\u00e4tte K\u00fcrten-Olpe einen wesentlichen Beitrag zur fr\u00fchkindlichen F\u00f6rderung und Entwicklung unserer Kinder. Ausreichend finanzielle Mittel zu erhalten ist nach wie vor schwierig.<\/p>\n\n\n\n<p>Engagierte Eltern gr\u00fcndeten daher bereits 1972 den Kindergartenf\u00f6rderverein Olpe e.V. Unser Anliegen ist es, die Kindertagesst\u00e4tte und den Waldkindergarten finanziell zu unterst\u00fctzen. Der Verein verfolgt dabei ausschlie\u00dflich und unmittelbar gemeinn\u00fctzige Zwecke. Die Unterst\u00fctzung bezieht sich haupts\u00e4chlich auf die Beschaffung und Bereitstellung von Geldern, die projektbezogen verwendet werden.<\/p>\n\n\n\n<p><br><\/p>\n\n\n\n<h2 class=\"wp-block-heading\">Unsere Ziele<\/h2>\n\n\n\n<p>\u2022 Neuanschaffungen im Au\u00dfenbereich<br>\u2022 Renovierung und Instandhaltung des Au\u00dfenbereichs<br>\u2022 Beschaffung und Bezuschussung von Arbeitsmaterialien<br>\u2022 Finanzielle Unterst\u00fctzung im Rahmen der Partizipation, d.h. altersgerechte Einbeziehung der Kinder in Entscheidungen, welche den Kindergartenalltag betreffen. Zum Beispiel Gestaltung des gemeinsamen Fr\u00fchst\u00fccks mit einer Busfahrt nach K\u00fcrten um dort einzukaufen.<\/p>\n\n\n\n<p><br><\/p>\n\n\n\n<h2 class=\"wp-block-heading\">Auf diese <a href=\"http:\/\/foerderverein-kita-olpe.de\/index.php\/projekte\/\">Projekte <\/a>k\u00f6nnen wir zur\u00fcckblicken<\/h2>\n\n\n\n<p>\u2022 Bereitstellung von frischem Obst in jeder Gruppe (\u201eObstkorb\u201c)<br>\u2022 Weihnachtsgeschenke f\u00fcr die einzelnen Gruppen<br>\u2022 Finanzierung einer Mitmach-Band zu Karneval und des Zauberers zu den Maxi-Abschieden<br>\u2022 Umgestaltung im Au\u00dfenbereich \u201e3. Ebene\u201c inklusive <a href=\"http:\/\/foerderverein-kita-olpe.de\/index.php\/2018\/07\/07\/kletterturm\/\">Kletterger\u00fcst <\/a>und <a href=\"http:\/\/foerderverein-kita-olpe.de\/index.php\/2019\/11\/30\/ein-sandkasten-fuer-die-sternengruppe\/\">Sandkasten <\/a>f\u00fcr die U3 Kinder<\/p>\n\n\n\n<p><a href=\"http:\/\/foerderverein-kita-olpe.de\/index.php\/projekte\/\">Hier finden Sie eine \u00dcbersicht mit Bildern und Details zu den vergangenen Projekten.<\/a><\/p>\n\n\n\n<p><br><\/p>\n\n\n\n<h2 class=\"wp-block-heading\">Unsere Vorhaben f\u00fcr die n\u00e4chste Zeit<\/h2>\n\n\n\n<p>Im n\u00e4chsten Jahr soll der Aussenbereich der KiTa komplett neu gestaltet werden. Diese Arbeiten werden vom Tr\u00e4ger selbst finanziert. Neben der allgemeinen Erneuerung werden jedoch dringend fest installierte und gro\u00dfe Sonnenschirme ben\u00f6tigt, damit genug Schatten f\u00fcr die Kinder zur Verf\u00fcgung steht. Diese sollen vom F\u00f6rderverein gespendet werden. Diese kommen damit allen \u00dc3er Kindern der KiTa zu Gute.<\/p>\n\n\n\n<p>Der Fuchsbau hat neben dem Eingangsbereiche eine Essecke die \u00fcberdacht werden soll. Aktuell ist diese weder gegen Regen, noch gegen Bl\u00e4tter gesch\u00fctzt und daher soll ein Pavillon her. Dieser soll bei Wind und Wetter stehen bleiben und muss daher massiv sein. Der F\u00f6rderverein m\u00f6chte auch das realisieren.<\/p>\n\n\n\n<p><br><\/p>\n\n\n\n<h2 class=\"wp-block-heading\">Wie finanzieren wir unsere Projekte?<\/h2>\n\n\n\n<p>Feste Einkommensquellen sind regelm\u00e4\u00dfige Veranstaltungen wie z.B. der allj\u00e4hrliche St. Martins-Umzug mit anschlie\u00dfender Bewirtung am Dorfplatz (zusammen mit der Grundschule Olpe) sowie der Kuchen- oder Waffelverkauf bei dem \u201eTag der offenen T\u00fcr\u201c der Firma Nordhaus. F\u00fcr gr\u00f6\u00dfere Anschaffungen sind wir auf projektbezogene Spenden angewiesen.<\/p>\n\n\n\n<p><strong>Sehr wichtig sind auch Ihre <a href=\"http:\/\/test.foerderverein-kita-olpe.de\/index.php\/aktiv-werden\/\">Mitgliedsbeitr\u00e4ge<\/a>!<\/strong> Mit einem Mindestbetrag von 12\u20ac im Jahr unterst\u00fctzen Sie \u00fcber den F\u00f6rderverein die Arbeit an und mit Ihren Kindern. <\/p>\n\n\n\n<p>Gerne d\u00fcrfen Sie den Betrag \u201enach oben\u201c erweitern. Auch Spenden, gerne auch projektbezogen, sind jederzeit herzlich willkommen!<\/p>\n","protected":false},"excerpt":{"rendered":"<p>Seit \u00fcber 50 Jahren leistet die Caritas Kindertagesst\u00e4tte K\u00fcrten-Olpe einen wesentlichen Beitrag zur fr\u00fchkindlichen F\u00f6rderung und Entwicklung unserer Kinder. Ausreichend &hellip; <\/p>\n","protected":false},"author":1,"featured_media":139,"parent":0,"menu_order":0,"comment_status":"closed","ping_status":"closed","template":"","meta":{"footnotes":""},"class_list":["post-27","page","type-page","status-publish","has-post-thumbnail","hentry"],"_links":{"self":[{"href":"https:\/\/foerderverein-kita-olpe.de\/index.php\/wp-json\/wp\/v2\/pages\/27","targetHints":{"allow":["GET"]}}],"collection":[{"href":"https:\/\/foerderverein-kita-olpe.de\/index.php\/wp-json\/wp\/v2\/pages"}],"about":[{"href":"https:\/\/foerderverein-kita-olpe.de\/index.php\/wp-json\/wp\/v2\/types\/page"}],"author":[{"embeddable":true,"href":"https:\/\/foerderverein-kita-olpe.de\/index.php\/wp-json\/wp\/v2\/users\/1"}],"replies":[{"embeddable":true,"href":"https:\/\/foerderverein-kita-olpe.de\/index.php\/wp-json\/wp\/v2\/comments?post=27"}],"version-history":[{"count":9,"href":"https:\/\/foerderverein-kita-olpe.de\/index.php\/wp-json\/wp\/v2\/pages\/27\/revisions"}],"predecessor-version":[{"id":646,"href":"https:\/\/foerderverein-kita-olpe.de\/index.php\/wp-json\/wp\/v2\/pages\/27\/revisions\/646"}],"wp:featuredmedia":[{"embeddable":true,"href":"https:\/\/foerderverein-kita-olpe.de\/index.php\/wp-json\/wp\/v2\/media\/139"}],"wp:attachment":[{"href":"https:\/\/foerderverein-kita-olpe.de\/index.php\/wp-json\/wp\/v2\/media?parent=27"}],"curies":[{"name":"wp","href":"https:\/\/api.w.org\/{rel}","templated":true}]}}

Über uns

<p>Seit über 50 Jahren leistet die Caritas Kindertagesstätte Kürten-Olpe einen wesentlichen Beitrag zur frühkindlichen Förderung und Entwicklung unserer Kinder. Ausreichend finanzielle Mittel zu erhalten ist nach wie vor schwierig.</p>



<p>Engagierte Eltern gründeten daher bereits 1972 den Kindergartenförderverein Olpe e.V. Unser Anliegen ist es, die Kindertagesstätte und den Waldkindergarten finanziell zu unterstützen. Der Verein verfolgt dabei ausschließlich und unmittelbar gemeinnützige Zwecke. Die Unterstützung bezieht sich hauptsächlich auf die Beschaffung und Bereitstellung von Geldern, die projektbezogen verwendet werden.</p>



<p><br></p>



<h2 class="wp-block-heading">Unsere Ziele</h2>



<p>• Neuanschaffungen im Außenbereich<br>• Renovierung und Instandhaltung des Außenbereichs<br>• Beschaffung und Bezuschussung von Arbeitsmaterialien<br>• Finanzielle Unterstützung im Rahmen der Partizipation, d.h. altersgerechte Einbeziehung der Kinder in Entscheidungen, welche den Kindergartenalltag betreffen. Zum Beispiel Gestaltung des gemeinsamen Frühstücks mit einer Busfahrt nach Kürten um dort einzukaufen.</p>



<p><br></p>



<h2 class="wp-block-heading">Auf diese <a href="http://foerderverein-kita-olpe.de/index.php/projekte/">Projekte </a>können wir zurückblicken</h2>



<p>• Bereitstellung von frischem Obst in jeder Gruppe („Obstkorb“)<br>• Weihnachtsgeschenke für die einzelnen Gruppen<br>• Finanzierung einer Mitmach-Band zu Karneval und des Zauberers zu den Maxi-Abschieden<br>• Umgestaltung im Außenbereich „3. Ebene“ inklusive <a href="http://foerderverein-kita-olpe.de/index.php/2018/07/07/kletterturm/">Klettergerüst </a>und <a href="http://foerderverein-kita-olpe.de/index.php/2019/11/30/ein-sandkasten-fuer-die-sternengruppe/">Sandkasten </a>für die U3 Kinder</p>



<p><a href="http://foerderverein-kita-olpe.de/index.php/projekte/">Hier finden Sie eine Übersicht mit Bildern und Details zu den vergangenen Projekten.</a></p>



<p><br></p>



<h2 class="wp-block-heading">Unsere Vorhaben für die nächste Zeit</h2>



<p>Im nächsten Jahr soll der Aussenbereich der KiTa komplett neu gestaltet werden. Diese Arbeiten werden vom Träger selbst finanziert. Neben der allgemeinen Erneuerung werden jedoch dringend fest installierte und große Sonnenschirme benötigt, damit genug Schatten für die Kinder zur Verfügung steht. Diese sollen vom Förderverein gespendet werden. Diese kommen damit allen Ü3er Kindern der KiTa zu Gute.</p>



<p>Der Fuchsbau hat neben dem Eingangsbereiche eine Essecke die überdacht werden soll. Aktuell ist diese weder gegen Regen, noch gegen Blätter geschützt und daher soll ein Pavillon her. Dieser soll bei Wind und Wetter stehen bleiben und muss daher massiv sein. Der Förderverein möchte auch das realisieren.</p>



<p><br></p>



<h2 class="wp-block-heading">Wie finanzieren wir unsere Projekte?</h2>



<p>Feste Einkommensquellen sind regelmäßige Veranstaltungen wie z.B. der alljährliche St. Martins-Umzug mit anschließender Bewirtung am Dorfplatz (zusammen mit der Grundschule Olpe) sowie der Kuchen- oder Waffelverkauf bei dem „Tag der offenen Tür“ der Firma Nordhaus. Für größere Anschaffungen sind wir auf projektbezogene Spenden angewiesen.</p>



<p><strong>Sehr wichtig sind auch Ihre <a href="http://test.foerderverein-kita-olpe.de/index.php/aktiv-werden/">Mitgliedsbeiträge</a>!</strong> Mit einem Mindestbetrag von 12€ im Jahr unterstützen Sie über den Förderverein die Arbeit an und mit Ihren Kindern. </p>



<p>Gerne dürfen Sie den Betrag „nach oben“ erweitern. Auch Spenden, gerne auch projektbezogen, sind jederzeit herzlich willkommen!</p>

<p>Seit über 50 Jahren leistet die Caritas Kindertagesstätte Kürten-Olpe einen wesentlichen Beitrag zur frühkindlichen Förderung und Entwicklung unserer Kinder. Ausreichend &hellip; </p>
