{"id":22,"date":"2021-07-05T21:50:38","date_gmt":"2021-07-05T19:50:38","guid":{"rendered":"http:\/\/test.foerderverein-kita-olpe.de\/?page_id=22"},"modified":"2022-09-07T15:42:46","modified_gmt":"2022-09-07T13:42:46","slug":"aktiv-werden","status":"publish","type":"page","link":"https:\/\/foerderverein-kita-olpe.de\/index.php\/aktiv-werden\/","title":{"rendered":"Mitglied werden"},"content":{"rendered":"\n<p>Schon ab einem Mindesbeitrag von 1\u20ac pro Monat k\u00f6nnen sie Mitglied werden.<\/p>\n\n\n\n<p><strong>Ganz gleich ob sie sich auch pers\u00f6nlich oder nur finanziell engagieren m\u00f6chten &#8211; Wir freuen uns \u00fcber Ihre Unterst\u00fctzung<\/strong>!<\/p>\n\n\n\n<p>Eine Mitgliedschaft ist bereits ab <strong>1\u20ac pro Monat<\/strong> m\u00f6glich (J\u00e4hrlicher Beitrag 12\u20ac)!<br>Gerne k\u00f6nnen Sie auch die Gro\u00dfeltern Ihrer Kinder oder weitere Verwandte f\u00fcr unseren F\u00f6rderverein werben, auch diese k\u00f6nnen dabei helfen viele W\u00fcnsche weiter zu erm\u00f6glichen.<\/p>\n\n\n\n<div style=\"height:39px\" aria-hidden=\"true\" class=\"wp-block-spacer\"><\/div>\n\n\n\n<p><\/p>\n\n\n\n<h2 class=\"wp-block-heading\">Online Mitglied werden<\/h2>\n\n\n<form action=\"https:\/\/foerderverein-kita-olpe.de\/index.php\/wp-json\/ws-form\/v1\/submit\" class=\"wsf-form wsf-form-canvas\" id=\"ws-form-1\" data-id=\"1\" data-instance-id=\"1\" method=\"POST\"><\/form>\n\n\n<div style=\"height:39px\" aria-hidden=\"true\" class=\"wp-block-spacer\"><\/div>\n\n\n\n<h2 class=\"wp-block-heading\"><strong>Wie kann ich noch Mitglied werden?<\/strong><\/h2>\n\n\n\n<p>Einfach den Mitgliedschaftsantrag ausf\u00fcllen, unterschreiben und den Mindestbeitrag von 12 Euro im Jahr bezahlen.<br>Geben Sie das ausgef\u00fcllte und unterschriebene Formular in der KiTa ab oder werfen sie es in den Briefkasten. Alternativ k\u00f6nnen Sie auch einfach das oben stehende Formular ausf\u00fcllen. <\/p>\n\n\n\n<div class=\"wp-block-file\"><a href=\"http:\/\/foerderverein-kita-olpe.de\/wp-content\/uploads\/2021\/11\/mitgliedsantrag_foeve_olpe.pdf\">mitgliedsantrag_foeve_olpe<\/a><a href=\"http:\/\/foerderverein-kita-olpe.de\/wp-content\/uploads\/2021\/11\/mitgliedsantrag_foeve_olpe.pdf\" class=\"wp-block-file__button\" download=\"\">Herunterladen<\/a><\/div>\n\n\n\n<div style=\"height:39px\" aria-hidden=\"true\" class=\"wp-block-spacer\"><\/div>\n\n\n\n<h2 class=\"wp-block-heading\"><strong>Amazon Smile<\/strong><\/h2>\n\n\n\n<p>Falls noch Fragen zu der Mitgliedschaft oder weiteren Themen offen sind, freuen wir uns \u00fcber ihre Nachricht an <a href=\"mailto:info@foerderverein-kita-olpe.de\">info@foerderverein-kita-olpe.de<\/a>.<\/p>\n\n\n\n<p>Gerne m\u00f6chten wir Sie nochmal darauf aufmerksam machen, dass Sie uns und ihre Kinder nicht nur mit ihrem Beitrag unterst\u00fctzen, sondern dies auch ganz einfach mit Smile Amazon.de tun k\u00f6nnen. Mit jedem qualifizierten Einkauf \u00fcber smile.amazon.de gibt Amazon 0,5 Prozent des Einkaufspreises direkt an eine teilnehmende Organisation weiter, ohne Kosten oder Nachteile f\u00fcr sie.<\/p>\n\n\n\n<p><\/p>\n","protected":false},"excerpt":{"rendered":"<p>Schon ab einem Mindesbeitrag von 1\u20ac pro Monat k\u00f6nnen sie Mitglied werden. Ganz gleich ob sie sich auch pers\u00f6nlich oder &hellip; <\/p>\n","protected":false},"author":1,"featured_media":101,"parent":0,"menu_order":0,"comment_status":"closed","ping_status":"closed","template":"","meta":{"footnotes":""},"class_list":["post-22","page","type-page","status-publish","has-post-thumbnail","hentry"],"_links":{"self":[{"href":"https:\/\/foerderverein-kita-olpe.de\/index.php\/wp-json\/wp\/v2\/pages\/22","targetHints":{"allow":["GET"]}}],"collection":[{"href":"https:\/\/foerderverein-kita-olpe.de\/index.php\/wp-json\/wp\/v2\/pages"}],"about":[{"href":"https:\/\/foerderverein-kita-olpe.de\/index.php\/wp-json\/wp\/v2\/types\/page"}],"author":[{"embeddable":true,"href":"https:\/\/foerderverein-kita-olpe.de\/index.php\/wp-json\/wp\/v2\/users\/1"}],"replies":[{"embeddable":true,"href":"https:\/\/foerderverein-kita-olpe.de\/index.php\/wp-json\/wp\/v2\/comments?post=22"}],"version-history":[{"count":34,"href":"https:\/\/foerderverein-kita-olpe.de\/index.php\/wp-json\/wp\/v2\/pages\/22\/revisions"}],"predecessor-version":[{"id":492,"href":"https:\/\/foerderverein-kita-olpe.de\/index.php\/wp-json\/wp\/v2\/pages\/22\/revisions\/492"}],"wp:featuredmedia":[{"embeddable":true,"href":"https:\/\/foerderverein-kita-olpe.de\/index.php\/wp-json\/wp\/v2\/media\/101"}],"wp:attachment":[{"href":"https:\/\/foerderverein-kita-olpe.de\/index.php\/wp-json\/wp\/v2\/media?parent=22"}],"curies":[{"name":"wp","href":"https:\/\/api.w.org\/{rel}","templated":true}]}}